when 1037 is divided by 87.
80
What is the remainder when 274 is divided by 69?
67
Calculate the remainder when 6073 is divided by 135.
133
Calculate the remainder when 1664 is divided by 15.
14
What is the remainder when 91 is divided by 10?
1
Calculate the remainder when 19 is divided by 12.
7
Calculate the remainder when 1323 is divided by 13.
10
What is the remainder when 328 is divided by 15?
13
Calculate the remainder when 1533 is divided by 414.
291
What is the remainder when 271 is divided by 34?
33
What is the remainder when 1349 is divided by 30?
29
Calculate the remainder when 799 is divided by 28.
15
Calculate the remainder when 239 is divided by 3.
2
Calculate the remainder when 15587 is divided by 119.
117
Calculate the remainder when 690 is divided by 327.
36
What is the remainder when 299 is divided by 74?
3
Calculate the remainder when 114 is divided by 40.
34
What is the remainder when 224 is divided by 35?
14
Calculate the remainder when 421 is divided by 11.
3
Calculate the remainder when 182 is divided by 46.
44
What is the remainder when 2729 is divided by 340?
9
What is the remainder when 96 is divided by 30?
6
Calculate the remainder when 2461 is divided by 223.
8
What is the remainder when 275 is divided by 83?
26
What is the remainder when 128 is divided by 26?
24
Calculate the remainder when 347 is divided by 172.
3
Calculate the remainder when 4769 is divided by 177.
167
What is the remainder when 384 is divided by 11?
10
What is the remainder when 2193 is divided by 18?
15
Calculate the remainder when 1907 is divided by 622.
41
Calculate the remainder when 1597 is divided by 21.
1
What is the remainder when 416 is divided by 68?
8
What is the remainder when 9376 is divided by 34?
26
What is the remainder when 1318 is divided by 1314?
4
Calculate the remainder when 26 is divided by 21.
5
Calculate the remainder when 303 is divided by 16.
15
What is the remainder when 2098 is divided by 191?
188
What is the remainder when 298 is divided by 42?
4
Calculate the remainder when 218 is divided by 30.
8
What is the remainder when 231 is divided by 6?
3
What is the remainder when 410 is divided by 347?
63
Calculate the remainder when 131 is divided by 22.
21
What is the remainder when 178 is divided by 47?
37
What is the remainder when 11356 is divided by 71?
67
What is the remainder when 355 is divided by 36?
31
Calculate the remainder when 215 is divided by 56.
47
Calculate the remainder when 305 is divided by 77.
74
Calculate the remainder when 189 is divided by 19.
18
What is the remainder when 57 is divided by 38?
19
What is the remainder when 3664 is divided by 2?
0
Calculate the remainder when 584 is divided by 66.
56
Calculate the remainder when 1427 is divided by 110.
107
Calculate the remainder when 89 is divided by 7.
5
Calculate the remainder when 187 is divided by 32.
27
What is the remainder when 748 is divided by 13?
7
What is the remainder when 110 is divided by 4?
2
What is the remainder when 51 is divided by 27?
24
What is the remainder when 88 is divided by 31?
26
Calculate the remainder when 3717 is divided by 30.
27
What is the remainder when 83 is divided by 51?
32
Calculate the remainder when 625 is divided by 163.
136
Calculate the remainder when 203 is divided by 11.
5
Calculate the remainder when 51 is divided by 4.
3
Calculate the remainder when 141 is divided by 89.
52
What is the remainder when 4016 is divided by 15?
11
What is the remainder when 448 is divided by 18?
16
What is the remainder when 120 is divided by 10?
0
What is the remainder when 928 is divided by 36?
28
What is the remainder when 3 is divided by 3?
0
Calculate the remainder when 1686 is divided by 838.
10
Calculate the remainder when 205 is divided by 4.
1
Calculate the remainder when 156 is divided by 60.
36
Calculate the remainder when 47 is divided by 3.
2
Calculate the remainder when 8382 is divided by 101.
100
Calculate the remainder when 1879 is divided by 171.
169
What is the remainder when 27 is divided by 12?
3
What is the remainder when 1610 is divided by 13?
11
What is the remainder when 1677 is divided by 10?
7
What is the remainder when 334 is divided by 31?
24
Calculate the remainder when 589 is divided by 8.
5
Calculate the remainder when 264 is divided by 30.
24
Calculate the remainder when 844 is divided by 119.
11
Calculate the remainder when 1221 is divided by 249.
225
Calculate the remainder when 540 is divided by 76.
8
What is the remainder when 4647 is divided by 178?
19
What is the remainder when 1761 is divided by 42?
39
Calculate the remainder when 5940 is divided by 990.
0
What is the remainder when 50 is divided by 6?
2
What is the remainder when 1864 is divided by 615?
19
Calculate the remainder when 793 is divided by 83.
46
What is the remainder when 232 is divided by 78?
76
What is the remainder when 1890 is divided by 95?
85
Calculate the remainder when 222 is divided by 15.
12
Calculate the remainder when 339 is divided by 50.
39
Calculate the remainder when 501 is divided by 87.
66
What is the remainder when 3381 is divided by 77?
70
What is the remainder when 154 is divided by 13?
11
Calculate the remainder when 926 is divided by 446.
34
Calculate the remainder when 224 is divided by 89.
46
What is the remainder when 127 is divided by 75?
52
What is the remainder when 1413 is divided by 1348?
65
Calculate the remainder when 59 is divided by 21.
17
Calculate the remainder when 338 is divided by 274.
64
What is the remainder when 1118 is divided by 127?
102
What is the remainder when 657 is divided by 10?
7
What is the remainder when 155 is divided by 37?
7
What is the remainder when 1569 is divided by 251?
63
Calculate the remainder when 45 is divided by 28.
17
What is the remainder when 1340 is divided by 61?
59
What is the remainder when 8653 is divided by 222?
217
What is the remainder when 2655 is divided by 101?
29
What is the remainder when 921 is divided by 199?
125
Calculate the remainder when 829 is divided by 13.
10
Calculate the remainder when 3031 is divided by 424.
63
What is the remainder when 609 is divided by 33?
15
What is the remainder when 5613 is divided by 14?
13
Calculate the remainder when 734 is divided by 49.
48
What is the remainder when 194 is divided by 52?
38
Calculate the remainder when 1885 is divided by 51.
49
Calculate the remainder when 103 is divided by 53.
50
What is the remainder when 771 is divided by 4?
3
Calculate the remainder when 823 is divided by 196.
39
What is the remainder when 4002 is divided by 26?
24
Calculate the remainder when 450 is divided by 113.
111
What is the remainder when 224 is divided by 45?
44
What is the remainder when 201 is divided by 34?
31
What is the remainder when 52 is divided by 9?
7
Calculate the remainder when 990 is divided by 488.
14
Calculate the remainder when 543 is divided by 21.
18
Calculate the remainder when 345 is divided by 315.
30
What is the remainder when 172 is divided by 148?
24
What is the remainder when 9636 is divided by 3?
0
Calculate the remainder when 1437 is divided by 96.
93
What is the remainder when 4868 is divided by 21?
17
What is the remainder when 74 is divided by 21?
11
Calculate the remainder when 104 is divided by 17.
2
Calculate the remainder when 559 is divided by 161.
76
Calculate the remainder when 5092 is divided by 565.
7
Calculate the remainder when 231 is divided by 87.
57
Calculate the remainder when 915 is divided by 174.
45
What is the remainder when 5 is divided by 3?
2
Calculate the remainder when 1412 is divided by 43.
36
What is the remainder when 345 is divided by 53?
27
Calculate the remainder when 704 is divided by 40.
24
What is the remainder when 3055 is divided by 85?
80
What is the remainder when 40 is divided by 11?
7
What is the remainder when 491 is divided by 63?
50
Calculate the remainder when 1159 is divided by 198.
169
Calculate the remainder when 34 is divided by 7.
6
Calculate the remainder when 209 is divided by 21.
20
What is the remainder when 149 is divided by 79?
70
What is the remainder when 673 is divided by 27?
25
What is the remainder when 136 is divided by 69?
67
Calculate the remainder when 1184 is divided by 1123.
61
Calculate the remainder w